99 composite?
False
Is 295023329 composite?
True
Is 46696409317 a prime number?
True
Is 104867254727 prime?
True
Is 3231041942 a composite number?
True
Is 60800486321 a prime number?
False
Is 68475131 prime?
True
Is 2442360091 prime?
True
Is 7331720581 a prime number?
True
Is 5578693609 composite?
False
Is 2433276197 composite?
True
Is 2208587081 composite?
False
Is 128319537911 a composite number?
True
Is 398812201 composite?
True
Is 9248216587 a prime number?
False
Is 55883436703 a prime number?
False
Is 5231466157 prime?
True
Is 767439979 a composite number?
False
Is 173588663 prime?
True
Is 1205074051 a composite number?
True
Is 18141769003 a composite number?
False
Is 6790684793 a prime number?
False
Is 14634707149 prime?
True
Is 12650561843 composite?
False
Is 6069643249 a composite number?
False
Is 5736002455 a composite number?
True
Is 3906580259 prime?
True
Is 360569 prime?
False
Is 13958466019 a composite number?
False
Is 107954474359 a composite number?
False
Is 81505148957 a composite number?
False
Is 27456352183 a prime number?
False
Is 3630766838 a prime number?
False
Is 4144075181 a prime number?
False
Is 112316571953 composite?
True
Is 6728134151 a composite number?
False
Is 2209231147 prime?
True
Is 11844976583 a prime number?
False
Is 13979225017 prime?
True
Is 229266828851 a prime number?
False
Is 1288152955 a composite number?
True
Is 221814743 a composite number?
True
Is 45768318311 prime?
False
Is 136167251531 a composite number?
True
Is 254982757 composite?
True
Is 166382670629 a composite number?
True
Is 1811429687 composite?
False
Is 2420881709 composite?
False
Is 305067713 prime?
True
Is 13428371939 a composite number?
True
Is 1082006929 a prime number?
False
Is 1001961931 a composite number?
False
Is 560696281 composite?
True
Is 13683160397 prime?
True
Is 3085416769 a composite number?
True
Is 36176801147 a prime number?
True
Is 3759590077 prime?
True
Is 109242762037 prime?
False
Is 364379395 prime?
False
Is 633351839 composite?
False
Is 13290532049 prime?
True
Is 47083115098 a composite number?
True
Is 13472206565 prime?
False
Is 294484783 composite?
True
Is 4736716805 a composite number?
True
Is 11997106273 prime?
True
Is 33716188697 composite?
False
Is 131697859551 a composite number?
True
Is 48902114545 prime?
False
Is 265806113735 a prime number?
False
Is 37769743423 a composite number?
False
Is 85380349 a composite number?
True
Is 2729112359 a prime number?
True
Is 1728867583 a composite number?
True
Is 914200711 a composite number?
True
Is 1448925449 a prime number?
True
Is 438373427 prime?
True
Is 19878854881 composite?
True
Is 102494211871 composite?
False
Is 5628303529 a composite number?
True
Is 64286539 a prime number?
True
Is 3033914339 composite?
False
Is 2858134387 composite?
False
Is 25391975933 composite?
True
Is 239530289 a prime number?
False
Is 1212052631 a composite number?
False
Is 19674183931 a prime number?
True
Is 27883712807 prime?
True
Is 93736734841 composite?
False
Is 1225544429 prime?
True
Is 42605090579 composite?
False
Is 37869822467 a composite number?
False
Is 434199929 composite?
False
Is 149141567 a prime number?
True
Is 2897319541 a prime number?
True
Is 9188280289 prime?
True
Is 6180163237 a prime number?
True
Is 373847027 prime?
False
Is 404438213 a composite number?
False
Is 47969407049 a prime number?
True
Is 12352843617 a composite number?
True
Is 6366510301 a composite number?
False
Is 16262885671 a prime number?
True
Is 43841704169 prime?
True
Is 2703063451 composite?
True
Is 55699359467 prime?
False
Is 160572073 prime?
True
Is 149270292649 composite?
False
Is 1699636079 a prime number?
False
Is 805497347 prime?
True
Is 282084917 a composite number?
True
Is 885356819 a prime number?
False
Is 113018093 composite?
True
Is 1473227233 a prime number?
True
Is 9524014817 a composite number?
False
Is 11906845399 prime?
True
Is 127201121 a composite number?
False
Is 8366030677 composite?
False
Is 2010726149 a prime number?
False
Is 51193807843 a prime number?
False
Is 330372799 a composite number?
False
Is 2867428691 a prime number?
False
Is 10787328829 a prime number?
True
Is 64423954249 composite?
False
Is 12784158281 prime?
True
Is 20334342551 prime?
False
Is 110647657 composite?
False
Is 2804698723 a prime number?
False
Is 43035291083 a prime number?
False
Is 556605317 composite?
False
Is 1602081869 a prime number?
True
Is 1109328023 composite?
False
Is 7857177917 a composite number?
True
Is 12855915095 a prime number?
False
Is 1759482961 prime?
True
Is 972994249 composite?
False
Is 68666165839 a composite number?
False
Is 3651074738 composite?
True
Is 263684573 prime?
False
Is 14552790091 a prime number?
False
Is 692604647 prime?
False
Is 25989036677 composite?
False
Is 13873802437 prime?
False
Is 17204130763 a prime number?
False
Is 21526945339 a composite number?
True
Is 25875624001 a prime number?
True
Is 95421121 prime?
False
Is 17615041201 composite?
True
Is 2012671217 composite?
False
Is 66787895641 a composite number?
False
Is 497948573 composite?
True
Is 429210853 prime?
True
Is 1301636407 a prime number?
False
Is 160943382827 prime?
False
Is 138454977109 a composite number?
False
Is 1334825599 a composite number?
False
Is 5341956541 a composite number?
False
Is 6239404321 composite?
False
Is 443845657 composite?
False
Is 7837514507 a prime number?
True
Is 4484074589 composite?
True
Is 20740196077 composite?
True
Is 455324951 composite?
True
Is 558490339 composite?
True
Is 1860620507 prime?
True
Is 3496874879 prime?
True
Is 1083548189 a prime number?
False
Is 30167608909 prime?
True
Is 65978850131 prime?
False
Is 2216258243 prime?
True
Is 1316943517 composite?
True
Is 3694608199 prime?
True
Is 3056708021 a composite number?
False
Is 2305862147 composite?
True
Is 187637231 a prime number?
True
Is 16660593361 a composite number?
False
Is 326248301 a prime number?
True
Is 710187839 composite?
True
Is 28053262577 prime?
False
Is 1097324311 prime?
True
Is 443359673 a composite number?
False
Is 693526601 a composite number?
True
Is 612357349 a composite number?
False
Is 857187941 a prime number?
True
Is 3909304083 a prime number?
False
Is 375773113 a composite number?
False
Is 5037315919 composite?
False
Is 9884706539 a prime number?
True
Is 240145537 composite?
True
Is 2586296261 a prime number?
True
Is 2058987353 composite?
True
Is 24469873223 composite?
False
Is 1257748363 prime?
False
Is 221459116609 prime?
False
Is 7485666827 a composite number?
True
Is 1029902729 prime?
True
Is 21208091054 composite?
True
Is 28037615581 a composite number?
False
Is 10388665151 prime?
False
Is 1606375193 a prime number?
False
Is 70346858 a composite number?
True
Is 22262946283 a composite number?
True
Is 884059951 prime?
True
Is 5261360327 a composite number?
True
Is 1194365013 composite?
True
Is 208274283793 prime?
False
Is 132561173 composite?
False
Is 55397957537 a composite number?
True
Is 1535205769 a composite number?
False
Is 38004035 composite?
True
Is 3160916081 prime?
False
Is 48257148971 a composite number?
False
Is 1690208857 a composite number?
False
Is 5200320103 a prime number?
False
Is 273613312757 composite?
True
Is 350607943 composite?
True
Is 1136611661 composite?
True
Is 88064771 a composite number?
False
Is 13821081797 prime?
True
Is 112637419 a composite number?
False
Is 31780510369 prime?
True
Is 859135727 prime?
False
Is 4308671167 composite?
True
Is 137716894891 a prime number?
False
Is 29840951839 a prime number?
True
Is 2692817219 a prime number?
True
Is 5006219557 composite?
False
Is 278241449 composite?
False
Is 379345177 a prime number?
True
Is 2671049293 composite?
True
Is 20042577749 a prime number?
True
Is 47372691343 a prime number?
True
Is 12222358111 a composite number?
True
Is 2244524487 composite?
True
Is 469709993 composite?
False
Is 12772128953 prime?
True
Is 8359091291 prime?
False
Is 13267957979 composite?
False
Is 10681396799 a prime number?
False
Is 390620591 prime?
False
Is 15704540633 composite?
False
Is 658794281 a prime number?
True
Is 849742241 a composite number?
True
Is 47292256997 composite?
False
Is 85495699 a prime number?
True
Is 58049764453 a composite number?
False
Is 711377129 a prime number?
True
Is 3662072189 prime?
True
I